3652987)/(-91) + 0 + (-2)/(-7) prime?
False
Is 2/4 + 9 + 6514070/(-100)*-5 prime?
False
Let w(n) be the second derivative of n**3 - 11*n**2/2 - 5*n. Let d(c) = -4*c - 1. Let l be d(-3). Is w(l) prime?
False
Let o be (69/(-9))/(-2*1/(-6)). Let g = -17 - o. Is (g/(-4))/(18/(-14052)) a prime number?
True
Suppose -5 = -2*f - 2*o + 13, 4*f + 5*o = 40. Suppose -6*c + c = 4*s - 23493, 0 = -5*c - f*s + 23490. Is c composite?
True
Let s = -40 - -72. Let h(f) = 0*f**2 + 2*f**2 + s*f - 10*f - 9*f + 5. Is h(12) prime?
True
Is (32/24)/((-76)/(-120327)) prime?
True
Let b(j) = 2*j - j - 23 + 0*j - 4*j. Let m be b(-10). Suppose 2041 - 6584 = -m*r. Is r a composite number?
True
Let d(u) = 18528*u + 991. Is d(40) a composite number?
False
Let x(q) = 389*q - 28. Let b be 3/1 - 0/2. Let o be x(b). Is ((3 - (6 - 4))*o)/1 prime?
False
Suppose -479*q + 1479368 + 1408523 = 0. Is q a prime number?
True
Let x(z) = -2072*z - 40. Let f be x(-4). Suppose -r + f - 1253 = 0. Is r a prime number?
False
Let z = 1269298 - 544577. Is z a composite number?
False
Let x(z) = 9*z + 88. Let k be x(-8). Suppose -4408 = -k*h + 8*h. Is h a composite number?
True
Let t(o) = -5*o - 7. Let b be t(-5). Suppose -2*j = 7*j - b. Suppose 0 = 4*x + j*n - 454 - 1798, 5*x = n + 2815. Is x composite?
False
Suppose 66*q - 65*q - 3*n - 172366 = 0, -3*q + 517128 = -3*n. Is q prime?
False
Let z be (-4)/(-8) - (-18)/(-4). Let f be -11 - -7 - (0 - z). Is (-2)/f*3198 - 2/4 a composite number?
True
Let d be (49/(-98))/((-2)/470544). Suppose -11*h + d = h. Is h a composite number?
False
Let k(u) = u**2 - 9*u + 25. Let i be k(9). Suppose l - h + 7 = 2*l, 0 = 4*l + 3*h - i. Suppose z + 3*v = -4*z + 407, 2*v - 326 = -l*z. Is z a prime number?
False
Let z(f) be the first derivative of f**4/4 - 10*f**3/3 + 15*f**2/2 + 13*f + 2. Suppose 96 = 2*p + 6*p. Is z(p) a composite number?
True
Let v = -147 - -105. Suppose -4*j = 4*q + 318 + 106, 2 = 2*j. Let y = v - q. Is y a composite number?
True
Let g be ((-13046)/(-44))/(1/(-2)). Suppose -4*p + 0*u - 2*u = -4336, -4*p + 2*u + 4352 = 0. Let m = g + p. Is m a composite number?
True
Let o(t) = -118*t**3 - 4*t**2 + 68*t - 41. Is o(-12) a prime number?
True
Let q be (-10)/4 + 3/6. Let s be (1/(-1))/(q/2558). Suppose 0 = -4*f + 2*f + 4*l + 642, -4*f + s = -3*l. Is f composite?
True
Let q = 149380 + -14829. Is q composite?
True
Suppose -29*l + 7 = -30*l. Let w be (-26)/l + (-6 - (-44)/7). Suppose w*u - 3878 = 1966. Is u prime?
False
Let m be (-4)/(-14) - (-10 - 150/(-35)). Suppose -m*c = -37 - 6149. Is c a composite number?
False
Suppose 3*t = -2*t - 2*v + 18, -2*t + 3*v + 11 = 0. Suppose t*k = 3714 - 206. Is k prime?
True
Is 2693379/(-117)*(-4 - 17) prime?
False
Suppose b - 8*s - 25469 = 0, -4*b + 45592 = s - 56119. Is b prime?
False
Let n = 586 - 283. Let t be 52/208 - 1/4*-39. Let s = n - t. Is s a composite number?
False
Suppose 831*z = 828*z + m + 136985, -2*z - m = -91310. Is z a prime number?
True
Suppose 51*x = 54*x. Suppose 0 = 2*i - 0*i + 6, 4*n - i - 3163 = x. Let w = n + 307. Is w prime?
True
Let v(r) be the first derivative of -13*r**4/2 - 2*r**3 - 5*r**2/2 + 9*r - 116. Is v(-4) a composite number?
False
Is 2/(-24)*2*56*402003861/(-1204) prime?
False
Is 308724/117*(802/8 - -4) a prime number?
False
Suppose -3*b + 48558 + 11977 = -4*g, -5*g + b = 75655. Let d = g + 25475. Is d a prime number?
False
Suppose -5*k + 5 = -0. Let a(r) = 19*r - 2. Let z be a(k). Let b(s) = 3*s**2 - 16*s + 38. Is b(z) composite?
True
Let g(d) = 16*d**2 - 117*d - 65. Is g(-26) composite?
True
Let m(a) = -295*a + 8 - 22*a - 4 + 11. Let o be m(4). Let c = 1326 - o. Is c prime?
True
Let k = -349 - -352. Suppose -3*b - 3*q = -0*q - 5394, -k*q + 1804 = b. Is b prime?
False
Let m(v) = 13*v + 7. Let x be m(5). Let c = x - 72. Suppose 7*o - 28735 = -c*o. Is o composite?
True
Let g = -344 - -548. Is ((-3)/(24/(-2302)))/(51/g) a composite number?
False
Let j = 87 + -44. Let q = j - -310. Is q composite?
False
Suppose 34*r - 2938676 = 70256. Is r a composite number?
True
Let a = -219 - -223. Let b(s) = 1562*s + 9. Is b(a) prime?
True
Suppose 77226 = 3*n + 4*x + 525, 5*x = 0. Is n composite?
True
Suppose 9*c - 4*c = 4*c. Suppose -5*f - 27*s + 22*s + 9740 = c, 3871 = 2*f - 3*s. Is f a prime number?
False
Let q(h) = 518*h**3 - 10*h**2 - 5*h + 3. Let p(k) = -520*k**3 + 11*k**2 + 6*k - 3. Let y(j) = 6*p(j) + 7*q(j). Is y(2) a composite number?
True
Suppose 8*m = 13*m + 4*n - 22, 0 = -3*n + 9. Suppose 2*i - 416 = v, -3*i - 2*v + 1049 = m*i. Is i a composite number?
True
Let g(z) = -3*z - 8. Let l be g(-4). Suppose 20 = -l*o - 4. Is o/(3 + -6)*(-466)/(-4) prime?
True
Let s = 81 - 82. Let h be (s - 7/(-4)) + (-391)/(-92). Is h + (-104)/20 + (-15536)/(-5) a composite number?
True
Suppose -387223 = -4*i - 2*u + 446307, 7*i = -4*u + 1458679. Is i a composite number?
True
Suppose -4*d = 5*u - 8*u + 16, 3*d = 4*u - 19. Suppose u*m - 2*m - 25468 = -5*o, 12741 = m - o. Is m prime?
True
Suppose 4*o + 8 = 0, -9*h + 13*h + 2*o - 18808 = 0. Is h a prime number?
True
Let t(u) = 2*u**2 - 7*u + 2. Let h be t(4). Suppose h = s + 3*s - z, -3*z = 4*s - 14. Suppose 16515 = 7*f + s*f. Is f prime?
False
Let h(j) = -15111*j + 3995. Is h(-22) composite?
False
Suppose 5842 + 248 = -2*d. Let o(w) = 861*w**3 - 3*w**2 - 21*w - 20. Let u be o(-2). Let k = d - u. Is k a composite number?
False
Let y(c) = c**2 - c - 1215. Let v be 1/2 - (120/(-16))/(-15). Let r be y(v). Let d = r + 2084. Is d composite?
True
Let b(h) = -19*h - 149. Let t be b(-5). Let k(n) = -2*n**3 - 94*n**2 + 19*n - 127. Is k(t) a composite number?
False
Let f(u) = 5212*u + 46. Let x be f(2). Is x/9 - -2 - (-6)/(-18) prime?
False
Let x(q) = 405*q**3 + 5*q**2 + 7*q + 2. Let p = -8 - -6. Let z be x(p). Let o = 6159 + z. Is o prime?
True
Let c(x) = -x**2 + 14*x - 5. Let t be c(12). Suppose 11*g - t*g + 10776 = 0. Is g composite?
True
Let x = 6222 + -410. Let o = 14903 - x. Is o a prime number?
True
Suppose -157914 = 894*t - 896*t + 2*u, t - 3*u = 78953. Is t composite?
True
Let y be (5 + 45/(-6))*-34. Suppose y*w = 87*w - 44. Is w prime?
False
Suppose -1427300 = -5*f + 3*o + 2*o, 4*o = f - 285463. Is f composite?
True
Let x = 25257 + -17491. Suppose 11*g - x - 13475 = 0. Is g composite?
False
Suppose 10934 = 3*o - l, 7261 = -o + 3*o + 5*l. Suppose -260 = -j - 2*q + 653, -4*j + o = 5*q. Is j prime?
True
Let l(c) = 2*c + 2. Let s be l(1). Suppose 5*k - s*p = 8043, -3*p + 1186 + 2045 = 2*k. Suppose -k = 3*x - 12*x. Is x a composite number?
False
Let q = 86050 - -135793. Is q prime?
False
Suppose 10*k - 2001818 = 3*i, -11*k + 3*i - 800744 = -15*k. Is k composite?
False
Let y = -7294 + 18203. Is y prime?
True
Let b(l) = -24*l**3 - l**2. Let s be b(-1). Let o = s - -7. Suppose -3*g = -117 - o. Is g prime?
False
Let h(b) = 2*b**3 + 9*b**2 + b + 9. Suppose 21 = 2*k + k. Let z be h(k). Suppose a + l - z = 0, 0*l = -2*a + 4*l + 2262. Is a a prime number?
False
Let d(i) = 93*i - 22. Let g be d(5). Let z = 190 + g. Is z composite?
True
Suppose 26*y = -9*y - 560. Is (-81768)/y*-1*(-4)/6 prime?
True
Let p(b) = 10*b**2 - 126*b + 64*b - b**3 + 60*b - 1. Let o be p(7). Let s = o + 69. Is s a prime number?
False
Suppose 39*c = -3164028 + 9776907. Is c composite?
True
Let m(g) = -12*g - 55. Let k be m(-9). Suppose 48*f - k*f + 3995 = 0. Is f a prime number?
False
Let l(d) = 192*d**3 + 16*d**2 - 4*d + 12. Let s be l(5). Suppose 5*y + 3*y = s. Is y a composite number?
False
Let l = 1344 - -10613. Is l prime?
False
Let i be 8 - (3 - (2/(-2) - -2)). Suppose 4291 - 1063 = i*j. Is j a prime number?
False
Suppose -2*t = -1 - 11. Let i be 16/6*t/4. Suppose -c + p = -416, -i*c - 3*p + 1649 = -2*p. Is c composite?
True
Let x be 724 + ((-12)/(-6))/(4/(-6)). Let v = 1148 - x. Is v a composite number?
True
Suppose 0 = -2*s - 10, -2*o = 2*s - 11 + 5. Let h be (-108)/(5/((-140)/o)). Let y = h + 163. Is y a composite number?
False
Let m be (-9)/12*(-4 - 0). Let o(g) = g**3 + 9*g**2 - 2*g - 14. Let c be o(-9). Suppose 2*w + 4*x - 3236 - 3294 = 0, c*w + m*x = 13045. Is w a composite number?
False
Suppose -9 = -3*p, 153704 = q + 11*p - 6*p. Is q a composite number?
False
Let s(t) = -2*t + 12. Let j be s(5). Suppose b + 1 + 9 = 2*z, -4*b = j*z - 10. Suppose 3*c - 55 = z*d, 0*c - 4*c - 2*d + 56 = 0. Is